{"id":89,"date":"2016-06-21T21:01:29","date_gmt":"2016-06-21T21:01:29","guid":{"rendered":"http:\/\/www.akgultente.com\/deneme\/?page_id=89"},"modified":"2016-06-27T23:00:47","modified_gmt":"2016-06-27T21:00:47","slug":"pergole-ve-veranda","status":"publish","type":"page","link":"https:\/\/www.akgultente.com\/?page_id=89","title":{"rendered":"Pergole ve Veranda"},"content":{"rendered":"<p><a href=\"http:\/\/www.akgultente.com\/wp-content\/uploads\/2016\/06\/12-pergole.jpg\"><img loading=\"lazy\" decoding=\"async\" class=\"alignnone wp-image-59 size-full\" src=\"http:\/\/www.akgultente.com\/wp-content\/uploads\/2016\/06\/12-pergole.jpg\" alt=\"12-pergole\" width=\"890\" height=\"210\" srcset=\"https:\/\/www.akgultente.com\/wp-content\/uploads\/2016\/06\/12-pergole.jpg 890w, https:\/\/www.akgultente.com\/wp-content\/uploads\/2016\/06\/12-pergole-300x71.jpg 300w, https:\/\/www.akgultente.com\/wp-content\/uploads\/2016\/06\/12-pergole-768x181.jpg 768w\" sizes=\"auto, (max-width: 890px) 100vw, 890px\" \/><\/a><\/p>\n<p>&nbsp;<\/p>\n<p><strong>Pergole tente k\u0131\u015f bah\u00e7esi tentesi olarak ta bilinir. Hava \u015fartlar\u0131 ne olursa olsun paslanmas\u0131 \u00e7atlamas\u0131 ve \u00e7al\u0131\u015fmas\u0131nda herhangi bir aksama meydana gelmez.<\/strong><\/p>\n<p><strong>D\u0131\u015f mekanlarda sizin mimari \u00e7\u00f6z\u00fcm orta\u011f\u0131n\u0131zd\u0131r. Pergole tente al\u00fcminyumdan ve ah\u015faptan \u00fcretilir. Sistem ve sistemdeki led \u0131\u015f\u0131klar\u0131 uzaktan kumanda ile kontrol edilir. Led \u0131\u015f\u0131klar\u0131 al\u00fcminyum profillerin i\u00e7ine gizlenir.<\/strong><\/p>\n<p><strong>Sistemin \u00e7al\u0131\u015fmas\u0131 \u00fcst\u00fcndeki tentenin belli bir h\u0131zla katlanarak geriye \u00e7ekilmesi ile sa\u011flan\u0131r.<\/strong><\/p>\n<p>&nbsp;<\/p>\n<p>\n<div class=\"ngg-galleryoverview\" id=\"ngg-gallery-5c5de3afbe079b5e52f46d08592df1a6-89\">\n\n\t\t\n\t<!-- Thumbnails -->\n\t\t\t\t\t\n\t<div id=\"ngg-image-264\" class=\"ngg-gallery-thumbnail-box\"  >\n\t\t<div class=\"ngg-gallery-thumbnail\" >\n\t\t\t<a href=\"https:\/\/www.akgultente.com\/wp-content\/gallery\/12-pergole-veranda\/pergole01.jpg\"\n\t\t\t\ttitle=\" \"\n\t\t\t\tclass=\"ngg-fancybox\" rel=\"5c5de3afbe079b5e52f46d08592df1a6\" data-image-id=\"264\" data-src=\"https:\/\/www.akgultente.com\/wp-content\/gallery\/12-pergole-veranda\/pergole01.jpg\" data-thumbnail=\"https:\/\/www.akgultente.com\/wp-content\/gallery\/12-pergole-veranda\/thumbs\/thumbs_pergole01.jpg\" data-title=\"pergole01\" data-description=\" \" >\n\t\t\t\t\t\t\t\t<img title=\"pergole01\" alt=\"pergole01\" src=\"https:\/\/www.akgultente.com\/wp-content\/gallery\/12-pergole-veranda\/thumbs\/thumbs_pergole01.jpg\" width='240' height='160' \/>\n\t\t\t\t\t\t\t<\/a>\n\t\t<\/div>\n\t<\/div>\n\n\t\t\t\t\t\t\t\t\t\n\t\t\n\t<div id=\"ngg-image-265\" class=\"ngg-gallery-thumbnail-box\"  >\n\t\t<div class=\"ngg-gallery-thumbnail\" >\n\t\t\t<a href=\"https:\/\/www.akgultente.com\/wp-content\/gallery\/12-pergole-veranda\/pergole02.jpg\"\n\t\t\t\ttitle=\" \"\n\t\t\t\tclass=\"ngg-fancybox\" rel=\"5c5de3afbe079b5e52f46d08592df1a6\" data-image-id=\"265\" data-src=\"https:\/\/www.akgultente.com\/wp-content\/gallery\/12-pergole-veranda\/pergole02.jpg\" data-thumbnail=\"https:\/\/www.akgultente.com\/wp-content\/gallery\/12-pergole-veranda\/thumbs\/thumbs_pergole02.jpg\" data-title=\"pergole02\" data-description=\" \" >\n\t\t\t\t\t\t\t\t<img title=\"pergole02\" alt=\"pergole02\" src=\"https:\/\/www.akgultente.com\/wp-content\/gallery\/12-pergole-veranda\/thumbs\/thumbs_pergole02.jpg\" width='240' height='160' \/>\n\t\t\t\t\t\t\t<\/a>\n\t\t<\/div>\n\t<\/div>\n\n\t\t\t\t\t\t\t\t\t\n\t\t\n\t<div id=\"ngg-image-266\" class=\"ngg-gallery-thumbnail-box\"  >\n\t\t<div class=\"ngg-gallery-thumbnail\" >\n\t\t\t<a href=\"https:\/\/www.akgultente.com\/wp-content\/gallery\/12-pergole-veranda\/pergole03.jpg\"\n\t\t\t\ttitle=\" \"\n\t\t\t\tclass=\"ngg-fancybox\" rel=\"5c5de3afbe079b5e52f46d08592df1a6\" data-image-id=\"266\" data-src=\"https:\/\/www.akgultente.com\/wp-content\/gallery\/12-pergole-veranda\/pergole03.jpg\" data-thumbnail=\"https:\/\/www.akgultente.com\/wp-content\/gallery\/12-pergole-veranda\/thumbs\/thumbs_pergole03.jpg\" data-title=\"pergole03\" data-description=\" \" >\n\t\t\t\t\t\t\t\t<img title=\"pergole03\" alt=\"pergole03\" src=\"https:\/\/www.akgultente.com\/wp-content\/gallery\/12-pergole-veranda\/thumbs\/thumbs_pergole03.jpg\" width='240' height='160' \/>\n\t\t\t\t\t\t\t<\/a>\n\t\t<\/div>\n\t<\/div>\n\n\t\t\t\t\t\t\t\t\t\n\t\t\n\t<div id=\"ngg-image-267\" class=\"ngg-gallery-thumbnail-box\"  >\n\t\t<div class=\"ngg-gallery-thumbnail\" >\n\t\t\t<a href=\"https:\/\/www.akgultente.com\/wp-content\/gallery\/12-pergole-veranda\/pergole04.jpg\"\n\t\t\t\ttitle=\" \"\n\t\t\t\tclass=\"ngg-fancybox\" rel=\"5c5de3afbe079b5e52f46d08592df1a6\" data-image-id=\"267\" data-src=\"https:\/\/www.akgultente.com\/wp-content\/gallery\/12-pergole-veranda\/pergole04.jpg\" data-thumbnail=\"https:\/\/www.akgultente.com\/wp-content\/gallery\/12-pergole-veranda\/thumbs\/thumbs_pergole04.jpg\" data-title=\"pergole04\" data-description=\" \" >\n\t\t\t\t\t\t\t\t<img title=\"pergole04\" alt=\"pergole04\" src=\"https:\/\/www.akgultente.com\/wp-content\/gallery\/12-pergole-veranda\/thumbs\/thumbs_pergole04.jpg\" width='240' height='160' \/>\n\t\t\t\t\t\t\t<\/a>\n\t\t<\/div>\n\t<\/div>\n\n\t\t\t\t\t\t\t\t\t\n\t\t\n\t<div id=\"ngg-image-268\" class=\"ngg-gallery-thumbnail-box\"  >\n\t\t<div class=\"ngg-gallery-thumbnail\" >\n\t\t\t<a href=\"https:\/\/www.akgultente.com\/wp-content\/gallery\/12-pergole-veranda\/pergole05.jpg\"\n\t\t\t\ttitle=\" \"\n\t\t\t\tclass=\"ngg-fancybox\" rel=\"5c5de3afbe079b5e52f46d08592df1a6\" data-image-id=\"268\" data-src=\"https:\/\/www.akgultente.com\/wp-content\/gallery\/12-pergole-veranda\/pergole05.jpg\" data-thumbnail=\"https:\/\/www.akgultente.com\/wp-content\/gallery\/12-pergole-veranda\/thumbs\/thumbs_pergole05.jpg\" data-title=\"pergole05\" data-description=\" \" >\n\t\t\t\t\t\t\t\t<img title=\"pergole05\" alt=\"pergole05\" src=\"https:\/\/www.akgultente.com\/wp-content\/gallery\/12-pergole-veranda\/thumbs\/thumbs_pergole05.jpg\" width='240' height='160' \/>\n\t\t\t\t\t\t\t<\/a>\n\t\t<\/div>\n\t<\/div>\n\n\t\t\t\t\t\t\t\t\t\n\t\t\n\t<div id=\"ngg-image-269\" class=\"ngg-gallery-thumbnail-box\"  >\n\t\t<div class=\"ngg-gallery-thumbnail\" >\n\t\t\t<a href=\"https:\/\/www.akgultente.com\/wp-content\/gallery\/12-pergole-veranda\/pergole06.jpg\"\n\t\t\t\ttitle=\" \"\n\t\t\t\tclass=\"ngg-fancybox\" rel=\"5c5de3afbe079b5e52f46d08592df1a6\" data-image-id=\"269\" data-src=\"https:\/\/www.akgultente.com\/wp-content\/gallery\/12-pergole-veranda\/pergole06.jpg\" data-thumbnail=\"https:\/\/www.akgultente.com\/wp-content\/gallery\/12-pergole-veranda\/thumbs\/thumbs_pergole06.jpg\" data-title=\"pergole06\" data-description=\" \" >\n\t\t\t\t\t\t\t\t<img title=\"pergole06\" alt=\"pergole06\" src=\"https:\/\/www.akgultente.com\/wp-content\/gallery\/12-pergole-veranda\/thumbs\/thumbs_pergole06.jpg\" width='240' height='160' \/>\n\t\t\t\t\t\t\t<\/a>\n\t\t<\/div>\n\t<\/div>\n\n\t\t\t\t\t\t\t\t\t\n\t\t\n\t<div id=\"ngg-image-270\" class=\"ngg-gallery-thumbnail-box\"  >\n\t\t<div class=\"ngg-gallery-thumbnail\" >\n\t\t\t<a href=\"https:\/\/www.akgultente.com\/wp-content\/gallery\/12-pergole-veranda\/pergole07.jpg\"\n\t\t\t\ttitle=\" \"\n\t\t\t\tclass=\"ngg-fancybox\" rel=\"5c5de3afbe079b5e52f46d08592df1a6\" data-image-id=\"270\" data-src=\"https:\/\/www.akgultente.com\/wp-content\/gallery\/12-pergole-veranda\/pergole07.jpg\" data-thumbnail=\"https:\/\/www.akgultente.com\/wp-content\/gallery\/12-pergole-veranda\/thumbs\/thumbs_pergole07.jpg\" data-title=\"pergole07\" data-description=\" \" >\n\t\t\t\t\t\t\t\t<img title=\"pergole07\" alt=\"pergole07\" src=\"https:\/\/www.akgultente.com\/wp-content\/gallery\/12-pergole-veranda\/thumbs\/thumbs_pergole07.jpg\" width='240' height='160' \/>\n\t\t\t\t\t\t\t<\/a>\n\t\t<\/div>\n\t<\/div>\n\n\t\t\t\t\t\t\t\t\t\n\t\t\n\t<div id=\"ngg-image-271\" class=\"ngg-gallery-thumbnail-box\"  >\n\t\t<div class=\"ngg-gallery-thumbnail\" >\n\t\t\t<a href=\"https:\/\/www.akgultente.com\/wp-content\/gallery\/12-pergole-veranda\/pergole08.JPG\"\n\t\t\t\ttitle=\" \"\n\t\t\t\tclass=\"ngg-fancybox\" rel=\"5c5de3afbe079b5e52f46d08592df1a6\" data-image-id=\"271\" data-src=\"https:\/\/www.akgultente.com\/wp-content\/gallery\/12-pergole-veranda\/pergole08.JPG\" data-thumbnail=\"https:\/\/www.akgultente.com\/wp-content\/gallery\/12-pergole-veranda\/thumbs\/thumbs_pergole08.JPG\" data-title=\"pergole08\" data-description=\" \" >\n\t\t\t\t\t\t\t\t<img title=\"pergole08\" alt=\"pergole08\" src=\"https:\/\/www.akgultente.com\/wp-content\/gallery\/12-pergole-veranda\/thumbs\/thumbs_pergole08.JPG\" width='240' height='160' \/>\n\t\t\t\t\t\t\t<\/a>\n\t\t<\/div>\n\t<\/div>\n\n\t\t\t\t\t\t\t\t\t\n\t\t\n\t<div id=\"ngg-image-272\" class=\"ngg-gallery-thumbnail-box\"  >\n\t\t<div class=\"ngg-gallery-thumbnail\" >\n\t\t\t<a href=\"https:\/\/www.akgultente.com\/wp-content\/gallery\/12-pergole-veranda\/pergole09.JPG\"\n\t\t\t\ttitle=\" \"\n\t\t\t\tclass=\"ngg-fancybox\" rel=\"5c5de3afbe079b5e52f46d08592df1a6\" data-image-id=\"272\" data-src=\"https:\/\/www.akgultente.com\/wp-content\/gallery\/12-pergole-veranda\/pergole09.JPG\" data-thumbnail=\"https:\/\/www.akgultente.com\/wp-content\/gallery\/12-pergole-veranda\/thumbs\/thumbs_pergole09.JPG\" data-title=\"pergole09\" data-description=\" \" >\n\t\t\t\t\t\t\t\t<img title=\"pergole09\" alt=\"pergole09\" src=\"https:\/\/www.akgultente.com\/wp-content\/gallery\/12-pergole-veranda\/thumbs\/thumbs_pergole09.JPG\" width='240' height='160' \/>\n\t\t\t\t\t\t\t<\/a>\n\t\t<\/div>\n\t<\/div>\n\n\t\t\t\t\t\t\t\t\t\n\t\t\n\t<div id=\"ngg-image-273\" class=\"ngg-gallery-thumbnail-box\"  >\n\t\t<div class=\"ngg-gallery-thumbnail\" >\n\t\t\t<a href=\"https:\/\/www.akgultente.com\/wp-content\/gallery\/12-pergole-veranda\/pergole10.JPG\"\n\t\t\t\ttitle=\" \"\n\t\t\t\tclass=\"ngg-fancybox\" rel=\"5c5de3afbe079b5e52f46d08592df1a6\" data-image-id=\"273\" data-src=\"https:\/\/www.akgultente.com\/wp-content\/gallery\/12-pergole-veranda\/pergole10.JPG\" data-thumbnail=\"https:\/\/www.akgultente.com\/wp-content\/gallery\/12-pergole-veranda\/thumbs\/thumbs_pergole10.JPG\" data-title=\"pergole10\" data-description=\" \" >\n\t\t\t\t\t\t\t\t<img title=\"pergole10\" alt=\"pergole10\" src=\"https:\/\/www.akgultente.com\/wp-content\/gallery\/12-pergole-veranda\/thumbs\/thumbs_pergole10.JPG\" width='240' height='160' \/>\n\t\t\t\t\t\t\t<\/a>\n\t\t<\/div>\n\t<\/div>\n\n\t\t\t\t\t\t\t\t\t\n\t\t\n\t<div id=\"ngg-image-274\" class=\"ngg-gallery-thumbnail-box\"  >\n\t\t<div class=\"ngg-gallery-thumbnail\" >\n\t\t\t<a href=\"https:\/\/www.akgultente.com\/wp-content\/gallery\/12-pergole-veranda\/pergole11.JPG\"\n\t\t\t\ttitle=\" \"\n\t\t\t\tclass=\"ngg-fancybox\" rel=\"5c5de3afbe079b5e52f46d08592df1a6\" data-image-id=\"274\" data-src=\"https:\/\/www.akgultente.com\/wp-content\/gallery\/12-pergole-veranda\/pergole11.JPG\" data-thumbnail=\"https:\/\/www.akgultente.com\/wp-content\/gallery\/12-pergole-veranda\/thumbs\/thumbs_pergole11.JPG\" data-title=\"pergole11\" data-description=\" \" >\n\t\t\t\t\t\t\t\t<img title=\"pergole11\" alt=\"pergole11\" src=\"https:\/\/www.akgultente.com\/wp-content\/gallery\/12-pergole-veranda\/thumbs\/thumbs_pergole11.JPG\" width='240' height='160' \/>\n\t\t\t\t\t\t\t<\/a>\n\t\t<\/div>\n\t<\/div>\n\n\t\t\t\t\t\t\t\t\t\n\t\t\n\t<!-- Pagination -->\n\t\t<div class='ngg-clear'><\/div>\t\n<\/div>\n\n\t<\/p>\n","protected":false},"excerpt":{"rendered":"<p>&nbsp; Pergole tente k\u0131\u015f bah\u00e7esi tentesi olarak ta bilinir. Hava \u015fartlar\u0131 ne olursa olsun paslanmas\u0131 \u00e7atlamas\u0131 ve \u00e7al\u0131\u015fmas\u0131nda herhangi bir aksama meydana gelmez. D\u0131\u015f mekanlarda sizin mimari \u00e7\u00f6z\u00fcm orta\u011f\u0131n\u0131zd\u0131r. Pergole tente al\u00fcminyumdan<a class=\"moretag\" href=\"https:\/\/www.akgultente.com\/?page_id=89\">Read More&#8230;<\/a><\/p>\n","protected":false},"author":1,"featured_media":0,"parent":0,"menu_order":0,"comment_status":"closed","ping_status":"closed","template":"","meta":{"ngg_post_thumbnail":0,"footnotes":""},"class_list":["post-89","page","type-page","status-publish","hentry"],"_links":{"self":[{"href":"https:\/\/www.akgultente.com\/index.php?rest_route=\/wp\/v2\/pages\/89","targetHints":{"allow":["GET"]}}],"collection":[{"href":"https:\/\/www.akgultente.com\/index.php?rest_route=\/wp\/v2\/pages"}],"about":[{"href":"https:\/\/www.akgultente.com\/index.php?rest_route=\/wp\/v2\/types\/page"}],"author":[{"embeddable":true,"href":"https:\/\/www.akgultente.com\/index.php?rest_route=\/wp\/v2\/users\/1"}],"replies":[{"embeddable":true,"href":"https:\/\/www.akgultente.com\/index.php?rest_route=%2Fwp%2Fv2%2Fcomments&post=89"}],"version-history":[{"count":3,"href":"https:\/\/www.akgultente.com\/index.php?rest_route=\/wp\/v2\/pages\/89\/revisions"}],"predecessor-version":[{"id":749,"href":"https:\/\/www.akgultente.com\/index.php?rest_route=\/wp\/v2\/pages\/89\/revisions\/749"}],"wp:attachment":[{"href":"https:\/\/www.akgultente.com\/index.php?rest_route=%2Fwp%2Fv2%2Fmedia&parent=89"}],"curies":[{"name":"wp","href":"https:\/\/api.w.org\/{rel}","templated":true}]}}