{"id":64,"date":"2016-06-21T20:49:32","date_gmt":"2016-06-21T20:49:32","guid":{"rendered":"http:\/\/www.akgultente.com\/deneme\/?page_id=64"},"modified":"2016-06-27T22:21:57","modified_gmt":"2016-06-27T20:21:57","slug":"arac-park-yeri-brandasi-2","status":"publish","type":"page","link":"https:\/\/www.akgultente.com\/?page_id=64","title":{"rendered":"Ara\u00e7 park yeri brandas\u0131"},"content":{"rendered":"<p><a href=\"http:\/\/www.akgultente.com\/wp-content\/uploads\/2016\/06\/01-arac-park-yeri.jpg\"><img loading=\"lazy\" decoding=\"async\" class=\"alignnone wp-image-61 size-full\" src=\"http:\/\/www.akgultente.com\/wp-content\/uploads\/2016\/06\/01-arac-park-yeri.jpg\" width=\"900\" height=\"400\" srcset=\"https:\/\/www.akgultente.com\/wp-content\/uploads\/2016\/06\/01-arac-park-yeri.jpg 900w, https:\/\/www.akgultente.com\/wp-content\/uploads\/2016\/06\/01-arac-park-yeri-300x133.jpg 300w, https:\/\/www.akgultente.com\/wp-content\/uploads\/2016\/06\/01-arac-park-yeri-768x341.jpg 768w\" sizes=\"auto, (max-width: 900px) 100vw, 900px\" \/><\/a><\/p>\n<p><strong>Otopark \u00e7ad\u0131r\u0131 \u00e7e\u015fitlerinde olduk\u00e7a zengin bir \u00fcr\u00fcn \u00e7e\u015fitlili\u011fine sahibiz. Otopark alanlar\u0131n\u0131z\u0131n g\u00f6rseline uygun, kullan\u0131m alanlar\u0131n\u0131 daraltmayan ve minimum alan i\u015fgal ederek en kaliteli otopark \u00e7ad\u0131r\u0131 \u00e7\u00f6z\u00fcmleri sunmaktay\u0131z.<\/strong><\/p>\n<p>&nbsp;<\/p>\n<p>\n<div class=\"ngg-galleryoverview\" id=\"ngg-gallery-383be705bf08df24064ffafdbb864b9c-64\">\n\n\t\t\n\t<!-- Thumbnails -->\n\t\t\t\t\t\n\t<div id=\"ngg-image-1\" class=\"ngg-gallery-thumbnail-box\"  >\n\t\t<div class=\"ngg-gallery-thumbnail\" >\n\t\t\t<a href=\"https:\/\/www.akgultente.com\/wp-content\/gallery\/aracpark\/araca01.jpg\"\n\t\t\t\ttitle=\" \"\n\t\t\t\tclass=\"ngg-fancybox\" rel=\"383be705bf08df24064ffafdbb864b9c\" data-image-id=\"1\" data-src=\"https:\/\/www.akgultente.com\/wp-content\/gallery\/aracpark\/araca01.jpg\" data-thumbnail=\"https:\/\/www.akgultente.com\/wp-content\/gallery\/aracpark\/thumbs\/thumbs_araca01.jpg\" data-title=\"araca01\" data-description=\" \" >\n\t\t\t\t\t\t\t\t<img title=\"araca01\" alt=\"araca01\" src=\"https:\/\/www.akgultente.com\/wp-content\/gallery\/aracpark\/thumbs\/thumbs_araca01.jpg\" width='240' height='160' \/>\n\t\t\t\t\t\t\t<\/a>\n\t\t<\/div>\n\t<\/div>\n\n\t\t\t\t\t\t\t\t\t\n\t\t\n\t<div id=\"ngg-image-2\" class=\"ngg-gallery-thumbnail-box\"  >\n\t\t<div class=\"ngg-gallery-thumbnail\" >\n\t\t\t<a href=\"https:\/\/www.akgultente.com\/wp-content\/gallery\/aracpark\/araca02.jpg\"\n\t\t\t\ttitle=\" \"\n\t\t\t\tclass=\"ngg-fancybox\" rel=\"383be705bf08df24064ffafdbb864b9c\" data-image-id=\"2\" data-src=\"https:\/\/www.akgultente.com\/wp-content\/gallery\/aracpark\/araca02.jpg\" data-thumbnail=\"https:\/\/www.akgultente.com\/wp-content\/gallery\/aracpark\/thumbs\/thumbs_araca02.jpg\" data-title=\"araca02\" data-description=\" \" >\n\t\t\t\t\t\t\t\t<img title=\"araca02\" alt=\"araca02\" src=\"https:\/\/www.akgultente.com\/wp-content\/gallery\/aracpark\/thumbs\/thumbs_araca02.jpg\" width='240' height='160' \/>\n\t\t\t\t\t\t\t<\/a>\n\t\t<\/div>\n\t<\/div>\n\n\t\t\t\t\t\t\t\t\t\n\t\t\n\t<div id=\"ngg-image-3\" class=\"ngg-gallery-thumbnail-box\"  >\n\t\t<div class=\"ngg-gallery-thumbnail\" >\n\t\t\t<a href=\"https:\/\/www.akgultente.com\/wp-content\/gallery\/aracpark\/araca03.jpg\"\n\t\t\t\ttitle=\" \"\n\t\t\t\tclass=\"ngg-fancybox\" rel=\"383be705bf08df24064ffafdbb864b9c\" data-image-id=\"3\" data-src=\"https:\/\/www.akgultente.com\/wp-content\/gallery\/aracpark\/araca03.jpg\" data-thumbnail=\"https:\/\/www.akgultente.com\/wp-content\/gallery\/aracpark\/thumbs\/thumbs_araca03.jpg\" data-title=\"araca03\" data-description=\" \" >\n\t\t\t\t\t\t\t\t<img title=\"araca03\" alt=\"araca03\" src=\"https:\/\/www.akgultente.com\/wp-content\/gallery\/aracpark\/thumbs\/thumbs_araca03.jpg\" width='240' height='160' \/>\n\t\t\t\t\t\t\t<\/a>\n\t\t<\/div>\n\t<\/div>\n\n\t\t\t\t\t\t\t\t\t\n\t\t\n\t<div id=\"ngg-image-4\" class=\"ngg-gallery-thumbnail-box\"  >\n\t\t<div class=\"ngg-gallery-thumbnail\" >\n\t\t\t<a href=\"https:\/\/www.akgultente.com\/wp-content\/gallery\/aracpark\/araca04.jpg\"\n\t\t\t\ttitle=\" \"\n\t\t\t\tclass=\"ngg-fancybox\" rel=\"383be705bf08df24064ffafdbb864b9c\" data-image-id=\"4\" data-src=\"https:\/\/www.akgultente.com\/wp-content\/gallery\/aracpark\/araca04.jpg\" data-thumbnail=\"https:\/\/www.akgultente.com\/wp-content\/gallery\/aracpark\/thumbs\/thumbs_araca04.jpg\" data-title=\"araca04\" data-description=\" \" >\n\t\t\t\t\t\t\t\t<img title=\"araca04\" alt=\"araca04\" src=\"https:\/\/www.akgultente.com\/wp-content\/gallery\/aracpark\/thumbs\/thumbs_araca04.jpg\" width='240' height='160' \/>\n\t\t\t\t\t\t\t<\/a>\n\t\t<\/div>\n\t<\/div>\n\n\t\t\t\t\t\t\t\t\t\n\t\t\n\t<div id=\"ngg-image-5\" class=\"ngg-gallery-thumbnail-box\"  >\n\t\t<div class=\"ngg-gallery-thumbnail\" >\n\t\t\t<a href=\"https:\/\/www.akgultente.com\/wp-content\/gallery\/aracpark\/araca05.jpg\"\n\t\t\t\ttitle=\" \"\n\t\t\t\tclass=\"ngg-fancybox\" rel=\"383be705bf08df24064ffafdbb864b9c\" data-image-id=\"5\" data-src=\"https:\/\/www.akgultente.com\/wp-content\/gallery\/aracpark\/araca05.jpg\" data-thumbnail=\"https:\/\/www.akgultente.com\/wp-content\/gallery\/aracpark\/thumbs\/thumbs_araca05.jpg\" data-title=\"araca05\" data-description=\" \" >\n\t\t\t\t\t\t\t\t<img title=\"araca05\" alt=\"araca05\" src=\"https:\/\/www.akgultente.com\/wp-content\/gallery\/aracpark\/thumbs\/thumbs_araca05.jpg\" width='240' height='160' \/>\n\t\t\t\t\t\t\t<\/a>\n\t\t<\/div>\n\t<\/div>\n\n\t\t\t\t\t\t\t\t\t\n\t\t\n\t<div id=\"ngg-image-6\" class=\"ngg-gallery-thumbnail-box\"  >\n\t\t<div class=\"ngg-gallery-thumbnail\" >\n\t\t\t<a href=\"https:\/\/www.akgultente.com\/wp-content\/gallery\/aracpark\/araca06.jpg\"\n\t\t\t\ttitle=\" \"\n\t\t\t\tclass=\"ngg-fancybox\" rel=\"383be705bf08df24064ffafdbb864b9c\" data-image-id=\"6\" data-src=\"https:\/\/www.akgultente.com\/wp-content\/gallery\/aracpark\/araca06.jpg\" data-thumbnail=\"https:\/\/www.akgultente.com\/wp-content\/gallery\/aracpark\/thumbs\/thumbs_araca06.jpg\" data-title=\"araca06\" data-description=\" \" >\n\t\t\t\t\t\t\t\t<img title=\"araca06\" alt=\"araca06\" src=\"https:\/\/www.akgultente.com\/wp-content\/gallery\/aracpark\/thumbs\/thumbs_araca06.jpg\" width='240' height='160' \/>\n\t\t\t\t\t\t\t<\/a>\n\t\t<\/div>\n\t<\/div>\n\n\t\t\t\t\t\t\t\t\t\n\t\t\n\t<div id=\"ngg-image-7\" class=\"ngg-gallery-thumbnail-box\"  >\n\t\t<div class=\"ngg-gallery-thumbnail\" >\n\t\t\t<a href=\"https:\/\/www.akgultente.com\/wp-content\/gallery\/aracpark\/araca07.jpg\"\n\t\t\t\ttitle=\" \"\n\t\t\t\tclass=\"ngg-fancybox\" rel=\"383be705bf08df24064ffafdbb864b9c\" data-image-id=\"7\" data-src=\"https:\/\/www.akgultente.com\/wp-content\/gallery\/aracpark\/araca07.jpg\" data-thumbnail=\"https:\/\/www.akgultente.com\/wp-content\/gallery\/aracpark\/thumbs\/thumbs_araca07.jpg\" data-title=\"araca07\" data-description=\" \" >\n\t\t\t\t\t\t\t\t<img title=\"araca07\" alt=\"araca07\" src=\"https:\/\/www.akgultente.com\/wp-content\/gallery\/aracpark\/thumbs\/thumbs_araca07.jpg\" width='240' height='160' \/>\n\t\t\t\t\t\t\t<\/a>\n\t\t<\/div>\n\t<\/div>\n\n\t\t\t\t\t\t\t\t\t\n\t\t\n\t<div id=\"ngg-image-8\" class=\"ngg-gallery-thumbnail-box\"  >\n\t\t<div class=\"ngg-gallery-thumbnail\" >\n\t\t\t<a href=\"https:\/\/www.akgultente.com\/wp-content\/gallery\/aracpark\/araca08.jpg\"\n\t\t\t\ttitle=\" \"\n\t\t\t\tclass=\"ngg-fancybox\" rel=\"383be705bf08df24064ffafdbb864b9c\" data-image-id=\"8\" data-src=\"https:\/\/www.akgultente.com\/wp-content\/gallery\/aracpark\/araca08.jpg\" data-thumbnail=\"https:\/\/www.akgultente.com\/wp-content\/gallery\/aracpark\/thumbs\/thumbs_araca08.jpg\" data-title=\"araca08\" data-description=\" \" >\n\t\t\t\t\t\t\t\t<img title=\"araca08\" alt=\"araca08\" src=\"https:\/\/www.akgultente.com\/wp-content\/gallery\/aracpark\/thumbs\/thumbs_araca08.jpg\" width='240' height='160' \/>\n\t\t\t\t\t\t\t<\/a>\n\t\t<\/div>\n\t<\/div>\n\n\t\t\t\t\t\t\t\t\t\n\t\t\n\t<div id=\"ngg-image-9\" class=\"ngg-gallery-thumbnail-box\"  >\n\t\t<div class=\"ngg-gallery-thumbnail\" >\n\t\t\t<a href=\"https:\/\/www.akgultente.com\/wp-content\/gallery\/aracpark\/araca09.jpg\"\n\t\t\t\ttitle=\" \"\n\t\t\t\tclass=\"ngg-fancybox\" rel=\"383be705bf08df24064ffafdbb864b9c\" data-image-id=\"9\" data-src=\"https:\/\/www.akgultente.com\/wp-content\/gallery\/aracpark\/araca09.jpg\" data-thumbnail=\"https:\/\/www.akgultente.com\/wp-content\/gallery\/aracpark\/thumbs\/thumbs_araca09.jpg\" data-title=\"araca09\" data-description=\" \" >\n\t\t\t\t\t\t\t\t<img title=\"araca09\" alt=\"araca09\" src=\"https:\/\/www.akgultente.com\/wp-content\/gallery\/aracpark\/thumbs\/thumbs_araca09.jpg\" width='240' height='160' \/>\n\t\t\t\t\t\t\t<\/a>\n\t\t<\/div>\n\t<\/div>\n\n\t\t\t\t\t\t\t\t\t\n\t\t\n\t<div id=\"ngg-image-10\" class=\"ngg-gallery-thumbnail-box\"  >\n\t\t<div class=\"ngg-gallery-thumbnail\" >\n\t\t\t<a href=\"https:\/\/www.akgultente.com\/wp-content\/gallery\/aracpark\/araca10.jpg\"\n\t\t\t\ttitle=\" \"\n\t\t\t\tclass=\"ngg-fancybox\" rel=\"383be705bf08df24064ffafdbb864b9c\" data-image-id=\"10\" data-src=\"https:\/\/www.akgultente.com\/wp-content\/gallery\/aracpark\/araca10.jpg\" data-thumbnail=\"https:\/\/www.akgultente.com\/wp-content\/gallery\/aracpark\/thumbs\/thumbs_araca10.jpg\" data-title=\"araca10\" data-description=\" \" >\n\t\t\t\t\t\t\t\t<img title=\"araca10\" alt=\"araca10\" src=\"https:\/\/www.akgultente.com\/wp-content\/gallery\/aracpark\/thumbs\/thumbs_araca10.jpg\" width='240' height='160' \/>\n\t\t\t\t\t\t\t<\/a>\n\t\t<\/div>\n\t<\/div>\n\n\t\t\t\t\t\t\t\t\t\n\t\t\n\t<div id=\"ngg-image-11\" class=\"ngg-gallery-thumbnail-box\"  >\n\t\t<div class=\"ngg-gallery-thumbnail\" >\n\t\t\t<a href=\"https:\/\/www.akgultente.com\/wp-content\/gallery\/aracpark\/araca11.jpg\"\n\t\t\t\ttitle=\" \"\n\t\t\t\tclass=\"ngg-fancybox\" rel=\"383be705bf08df24064ffafdbb864b9c\" data-image-id=\"11\" data-src=\"https:\/\/www.akgultente.com\/wp-content\/gallery\/aracpark\/araca11.jpg\" data-thumbnail=\"https:\/\/www.akgultente.com\/wp-content\/gallery\/aracpark\/thumbs\/thumbs_araca11.jpg\" data-title=\"araca11\" data-description=\" \" >\n\t\t\t\t\t\t\t\t<img title=\"araca11\" alt=\"araca11\" src=\"https:\/\/www.akgultente.com\/wp-content\/gallery\/aracpark\/thumbs\/thumbs_araca11.jpg\" width='240' height='160' \/>\n\t\t\t\t\t\t\t<\/a>\n\t\t<\/div>\n\t<\/div>\n\n\t\t\t\t\t\t\t\t\t\n\t\t\n\t<!-- Pagination -->\n\t\t<div class='ngg-clear'><\/div>\t\n<\/div>\n\n\t<\/p>\n","protected":false},"excerpt":{"rendered":"<p>Otopark \u00e7ad\u0131r\u0131 \u00e7e\u015fitlerinde olduk\u00e7a zengin bir \u00fcr\u00fcn \u00e7e\u015fitlili\u011fine sahibiz. Otopark alanlar\u0131n\u0131z\u0131n g\u00f6rseline uygun, kullan\u0131m alanlar\u0131n\u0131 daraltmayan ve minimum alan i\u015fgal ederek en kaliteli otopark \u00e7ad\u0131r\u0131 \u00e7\u00f6z\u00fcmleri sunmaktay\u0131z. &nbsp;<\/p>\n","protected":false},"author":1,"featured_media":0,"parent":0,"menu_order":0,"comment_status":"closed","ping_status":"closed","template":"","meta":{"ngg_post_thumbnail":0,"footnotes":""},"class_list":["post-64","page","type-page","status-publish","hentry"],"_links":{"self":[{"href":"https:\/\/www.akgultente.com\/index.php?rest_route=\/wp\/v2\/pages\/64","targetHints":{"allow":["GET"]}}],"collection":[{"href":"https:\/\/www.akgultente.com\/index.php?rest_route=\/wp\/v2\/pages"}],"about":[{"href":"https:\/\/www.akgultente.com\/index.php?rest_route=\/wp\/v2\/types\/page"}],"author":[{"embeddable":true,"href":"https:\/\/www.akgultente.com\/index.php?rest_route=\/wp\/v2\/users\/1"}],"replies":[{"embeddable":true,"href":"https:\/\/www.akgultente.com\/index.php?rest_route=%2Fwp%2Fv2%2Fcomments&post=64"}],"version-history":[{"count":8,"href":"https:\/\/www.akgultente.com\/index.php?rest_route=\/wp\/v2\/pages\/64\/revisions"}],"predecessor-version":[{"id":726,"href":"https:\/\/www.akgultente.com\/index.php?rest_route=\/wp\/v2\/pages\/64\/revisions\/726"}],"wp:attachment":[{"href":"https:\/\/www.akgultente.com\/index.php?rest_route=%2Fwp%2Fv2%2Fmedia&parent=64"}],"curies":[{"name":"wp","href":"https:\/\/api.w.org\/{rel}","templated":true}]}}